m = -74734 - -109598. List the prime factors of m.
2, 2179
Let f = -73 + 75. Suppose -3*z + f*u + 178 = -3492, 0 = -z - 4*u + 1214. What are the prime factors of z?
2, 13, 47
Suppose -4*v - 2*u + 67 = -3*u, 0 = -2*v - 4*u + 20. Let s(c) = c**3 - 11*c**2 + 43*c - 150. Let z be s(8). List the prime factors of v - (-3 + (z - 2)).
19
Let j(z) = -z**2 - 49*z + 1204. What are the prime factors of j(-41)?
2, 383
Let w be (0 + 1 + -2)/((-3)/(-39)). Let k(b) = b**2 - 12*b - 21. Let h be k(w). What are the prime factors of (3/(-2))/((-1)/(h/12))?
2, 19
Let g = 47 + -47. Suppose -2*h + 68 - 20 = g. What are the prime factors of h/1 + 4 + -3?
5
Suppose -11*u - 16112 + 19718 = -100003. What are the prime factors of u?
9419
Let p(j) = -j**2 - 15*j + 41. Let h be p(-17). Let i(d) = 30*d + 47. What are the prime factors of i(h)?
257
Suppose 2*i + 36 = 4*r, 0 = 2*i + 4*r - 34 + 94. List the prime factors of ((-1060)/3)/(-1) - (-32)/i.
2, 11
Suppose 5*u - 2*o + 202 = u, 5*u = o - 245. Let s = u + 149. Suppose 0 = l - s + 34. What are the prime factors of l?
67
Let t(i) = i**3 - 5*i**2 + i + 1. Let h(q) = -q**2 - 16*q - 11. Let b be h(-15). Suppose b*n - 38 = -10. What are the prime factors of t(n)?
2, 53
Let b(w) be the second derivative of 13*w**3/3 + 35*w**2/2 + 20*w. List the prime factors of b(11).
3, 107
Let c = 44 - 32. What are the prime factors of 25 - c*(1 - 6)/(-15)?
3, 7
Suppose -774 = -10*l - 4324. Suppose n = 2*t + 512 - 145, 4*n = -5*t - 898. Let f = t - l. List the prime factors of f.
173
Let x(a) = 5*a**2 + 176*a + 205. List the prime factors of x(-71).
2, 11, 587
Let h = 32 - 28. Let z(k) = 2*k**2 - 5*k - 10. Let s be z(h). Suppose 2*b - s*t + 95 = 3*b, 0 = b - 3*t - 105. What are the prime factors of b?
3, 11
Let c(h) be the third derivative of -h**6/120 - 7*h**5/60 - h**4/8 + 5*h**3/6 + h**2. Let a be c(-4). Let b = 53 + a. What are the prime factors of b?
2, 11
Let k = 68 - 44. List the prime factors of 299/4 + 30/k.
2, 19
Let g = 35 - 31. Suppose -g*i = -i + 3201. What are the prime factors of 4/6 + i/(-33)?
3, 11
Let h(q) = -q**3 - 11*q**2 + 10*q - 86. What are the prime factors of h(-21)?
2, 11, 17
Suppose 2129 = 5*l + 2*r, -3*l - l + 4*r = -1692. Suppose -4*v = -f + 223, 5*f + l = 7*f - v. List the prime factors of f.
211
Let o(v) = -800*v - 601. What are the prime factors of o(-7)?
4999
Suppose -t = -n - 7 - 9, 3*n - 52 = -2*t. Let w be (t/(-8))/(1/(-2)). Suppose 7*c - 2244 = -w*c. What are the prime factors of c?
11, 17
Suppose -448*r - 162 = -457*r. Let t(n) = 105*n - 274. What are the prime factors of t(r)?
2, 101
Let j be -5 + 7 + (0/(-2))/2. Suppose 3*r = j*t + 300 + 721, -2*t = 5*r - 1675. Suppose -315 = -3*m - 2*q, 188 = 5*m + 3*q - r. What are the prime factors of m?
3, 5, 7
Suppose 5*g - 60 = g. What are the prime factors of 1/((-8)/642)*(-20)/g?
107
Suppose 5*l + 74 = 3*l. Let w(j) = 103*j**2 + 3*j - 3. Let h be w(1). Let u = h + l. List the prime factors of u.
2, 3, 11
Let c be ((-93)/5)/(13/65). Let p = c + 95. Suppose -2*n + 0*r + p*r + 80 = 0, r = -5. List the prime factors of n.
5, 7
Suppose -34 - 29 = -9*g. Suppose -g*l = -1516 - 1578. List the prime factors of l.
2, 13, 17
Let x(j) = 15*j**3 + 3*j**2 + 10*j + 35. Let t be x(-3). Let v = 592 - t. What are the prime factors of v?
5, 193
Let z(w) = 50*w**2 - 49*w + 407. List the prime factors of z(14).
9521
Suppose -2*y = 2*s - 184, 4*s = -y - 0*s + 92. What are the prime factors of 4710/4 + (-138)/y?
2, 3, 7
Suppose -591040 = -351*s + 271*s. What are the prime factors of s?
2, 1847
Let j(s) = -8*s + 102. Let d be j(12). List the prime factors of ((-9)/d)/(-3)*(2253 + 7).
2, 5, 113
Suppose -2107 = -7*i + 102401 - 22951. What are the prime factors of i?
61, 191
Suppose -5*z + 2261 = -3*l, 4*z = -4*l + 337 + 1459. List the prime factors of z.
11, 41
Let h(d) = -d**2 - 19*d - 45. Let s be h(-15). Let u(z) = 4*z**2 - 36*z + 63. List the prime factors of u(s).
3, 47
Suppose 3*s + y = -0*y - 910, -s + 4*y = 312. What are the prime factors of -1 - (s/(-12))/(6/(-63))?
5, 53
Let a = 34582 + -21680. List the prime factors of a.
2, 6451
Suppose -11*z - 2*u - 19857 = -12*z, -4*u = 5*z - 99341. What are the prime factors of z?
5, 29, 137
Let t(r) = 21*r**2 + 16*r + 43. What are the prime factors of t(-13)?
2, 3, 47
Let f(y) = 3*y - 25. Let q be f(10). Suppose 11 = -q*o + 36. Let r = 7 + o. List the prime factors of r.
2, 3
Let x(n) = -2*n - 1. Let d(i) = -i. Let a(b) = 5*d(b) - 3*x(b). Let v be a(-7). List the prime factors of 31/1 + (-2 - v).
3, 11
Suppose 504*g + 13320450 - 34139682 = 0. What are the prime factors of g?
2, 23, 449
Let q(j) = j - 2. Let b be q(6). Suppose 745 = b*l + 217. List the prime factors of 4 - (3 + (-2 - l)).
3, 5
Let h be 3/(-5) - (-243732)/95. Suppose 0 = 6*c - h - 3591. What are the prime factors of c?
2, 3, 19
Let i(r) = r**3 + 52*r + 9889. What are the prime factors of i(0)?
11, 29, 31
Let i(v) = 49*v - 20. Let h = -541 - -548. List the prime factors of i(h).
17, 19
Let d = 38 - 57. Let i be (d - 1)*10*-1. Suppose 4*z - i = 84. List the prime factors of z.
71
Suppose 5*d - 5*g - 32 = -402, -5*d + 4*g = 367. Let r = d - -67. List the prime factors of (3 + r)*(-3)/(-6)*-98.
7
Let l(g) = -261*g - 16 + 17 - 2. List the prime factors of l(-1).
2, 5, 13
Let z(d) = -3*d + 52. Let c = 5 + -7. Let a be -2*c/(-4)*(14 - 30). List the prime factors of z(a).
2
Suppose 77 - 57 = 5*c. Suppose c*x = 2*x + 538. Suppose 318 = 5*a + 4*d - x, 236 = 2*a + d. List the prime factors of a.
7, 17
Suppose r - 370*l = -375*l + 8066, 4*l = 5*r - 40156. List the prime factors of r.
2, 7, 41
Let x = 127828 - 86268. Suppose -13*v + x = 27*v. List the prime factors of v.
1039
What are the prime factors of ((-62844)/(-48))/(7*6/336)?
2, 5237
Let f = -428 - -437. Suppose -f*i + 109 = -26. List the prime factors of i.
3, 5
List the prime factors of 3224/(-78)*(-488 + -1).
2, 31, 163
Let s(p) = -p**3 - p**2 - 2*p + 928. Let d be s(0). What are the prime factors of d + (-7)/((-7)/1)?
929
Let k(i) = 18427*i + 1896. List the prime factors of k(3).
3, 6353
Let j = 207 + -22. Suppose -3*y + y = p + 6, 0 = 2*p + y. Suppose p*g - 43 = j. What are the prime factors of g?
2, 3, 19
Let j = -134 + 122. List the prime factors of 190 - -12*4/j.
2, 3, 31
Let s(f) = 3*f**2 - 11*f + 5. Let y be s(3). Let d be ((-68)/24*-9)/(y/(-2)). List the prime factors of d + (-8)/12*6.
47
Let t(w) = -2*w**2 + 8*w - 867. Let y be t(0). What are the prime factors of 11/(55/(-25)) - y?
2, 431
Let j = -180 - -188. Suppose -12628 = -j*i - 14*i. What are the prime factors of i?
2, 7, 41
Let q = -89043 + 141594. List the prime factors of q.
3, 5839
Let u(c) = -c**3 - 15*c**2 - 17*c + 3. Suppose 0 = -0*y + 2*y + 30. Let k be u(y). Suppose -5*n + 2*n + k = 0. What are the prime factors of n?
2, 43
Suppose 0 = -499*w + 514*w - 149820. What are the prime factors of w?
2, 11, 227
Let u(c) = 7*c**3 + 17*c**2 - 4*c. Let s be u(5). Suppose -5921 + s = -17*l. List the prime factors of l.
3, 7, 13
Suppose 0 = -46*i + 25*i + 43974. Let z = i - 662. List the prime factors of z.
2, 179
Let v be (-11)/44 + (90012/16)/3. What are the prime factors of (76/95)/(2/v)?
2, 3, 5
Let l = -247 + 149. Let j = l + 96. List the prime factors of 7/j*228/(-21).
2, 19
Suppose 5*s - 62 = 7*s. Let z = s - 172. Let w = z + 374. List the prime factors of w.
3, 19
Let n(w) = -w + 21. Let m be n(17). Suppose 5*y = -m*c + 430, 117 = y + 3*c + 31. What are the prime factors of y?
2, 43
Let s(p) = 10525*p - 700. What are the prime factors of s(2)?
2, 5, 11, 37
Let x = 57 + -54. Suppose 0 = -2*u - x + 23. Let y = u + 23. List the prime factors of y.
3, 11
Let w(t) = 863*t - 1324. What are the prime factors of w(11)?
3, 7, 389
Let c(p) = 3*p - 6. Let t be c(7). Let l be (246/t + (-9)/(-15))/1. Suppose l*q + 420 = 21*q. What are the prime factors of q?
3, 5, 7
Suppose -17 = -p - 12. Let i be (-2)/(-6) + 2114/21. Suppose p*o - 696 = -i. List the prime factors of o.
7, 17
What are the prime factors of (-1218 - -1)/(16/(-128)*2)?
2, 1217
Let p(j) = -j**2 - 122*j - 721. What are the prime factors of p(-57)?
2, 373
Let w(r) = -107*r + 321. List the prime factors of w(-35).
2, 19, 107
Suppose 10*z = 5*n + 12*z - 19923, 0 = 3*n + z - 11954. Suppose 5*a + 4*s + 782 = 